666 and 35105144?
62
What is the greatest common factor of 77100 and 1050?
150
What is the greatest common divisor of 2011560 and 744?
24
Calculate the highest common divisor of 324 and 1147851.
81
Calculate the greatest common factor of 2544892 and 433831.
937
What is the greatest common factor of 6555 and 145851855?
345
Calculate the highest common factor of 9592 and 619992.
872
What is the highest common divisor of 1794695 and 35861?
329
What is the highest common divisor of 239108 and 1239976?
2116
Calculate the greatest common divisor of 49 and 29810081.
49
Calculate the highest common divisor of 54897 and 318333.
87
Calculate the greatest common divisor of 59439579 and 30377.
821
What is the highest common factor of 662288256 and 5760?
1152
Calculate the greatest common divisor of 73872 and 16524528.
912
What is the highest common divisor of 6912510 and 726?
66
What is the highest common factor of 19742886 and 11215?
2243
What is the greatest common divisor of 320198808 and 136?
136
What is the highest common factor of 15340 and 209820?
260
What is the highest common factor of 2899688 and 1079?
83
What is the greatest common factor of 677150 and 2915950?
1450
Calculate the greatest common divisor of 802818858 and 258.
258
What is the highest common factor of 419228 and 2334062?
674
Calculate the highest common divisor of 152 and 13750414.
38
Calculate the greatest common divisor of 337688 and 2290472.
1528
What is the greatest common factor of 27886 and 753686?
382
Calculate the highest common factor of 531991 and 31.
31
What is the greatest common factor of 87263 and 29288636?
7933
What is the highest common divisor of 1984 and 3162589?
31
Calculate the highest common factor of 766 and 17652853.
383
What is the greatest common divisor of 12284208 and 19440?
144
What is the greatest common divisor of 265 and 7245100?
265
Calculate the greatest common divisor of 572 and 1359204.
44
What is the greatest common factor of 1815 and 1643664?
363
What is the highest common divisor of 680 and 3361400?
40
Calculate the greatest common divisor of 7898 and 1968038.
718
What is the highest common divisor of 105 and 29322594?
21
What is the highest common divisor of 1823927 and 1519?
49
What is the greatest common divisor of 61 and 44844577?
61
What is the greatest common divisor of 714 and 13129882?
34
What is the highest common factor of 80 and 1260112?
16
What is the greatest common factor of 5239 and 243293921?
5239
Calculate the highest common factor of 88 and 94945224.
88
Calculate the highest common factor of 20786491 and 22.
11
Calculate the highest common divisor of 3161158 and 344222.
3158
What is the highest common divisor of 1786381232 and 944?
944
What is the greatest common factor of 302 and 1703892154?
302
What is the greatest common divisor of 13348 and 858532?
284
Calculate the greatest common divisor of 2316063 and 2193.
51
What is the highest common divisor of 1395 and 6911667?
279
What is the highest common factor of 57253 and 9121?
7
Calculate the greatest common factor of 88904 and 134.
2
What is the highest common divisor of 2257428 and 12084?
228
What is the highest common divisor of 115775795 and 7171?
7171
What is the greatest common divisor of 116251010 and 2825?
565
Calculate the greatest common factor of 21430785 and 210.
15
What is the greatest common factor of 786474672 and 816?
816
What is the highest common divisor of 36 and 159084018?
18
Calculate the greatest common factor of 8708 and 4243484.
28
What is the highest common factor of 125543602 and 76?
38
What is the highest common factor of 10720 and 140968?
536
What is the highest common divisor of 7390 and 86495?
5
Calculate the highest common divisor of 4878450 and 28800.
450
Calculate the highest common factor of 5325560 and 2900.
580
Calculate the greatest common divisor of 19900 and 603915250.
9950
Calculate the greatest common factor of 6552 and 4029984.
504
What is the highest common divisor of 78518590 and 610?
610
Calculate the greatest common divisor of 463780 and 1500.
20
Calculate the highest common factor of 121358004 and 96.
12
What is the greatest common factor of 612 and 102406572?
612
What is the highest common divisor of 20058755 and 535?
535
Calculate the greatest common factor of 948 and 17645916.
12
Calculate the greatest common factor of 1160 and 217988360.
1160
Calculate the highest common divisor of 759665 and 320.
5
Calculate the greatest common factor of 68 and 16166674.
2
Calculate the greatest common factor of 12529854 and 2394.
342
Calculate the greatest common divisor of 186 and 5966973.
93
What is the greatest common factor of 4 and 15461956?
4
Calculate the greatest common factor of 27792 and 16096972.
772
What is the greatest common factor of 329156 and 2276276?
4636
Calculate the highest common factor of 11560 and 11831082.
578
Calculate the greatest common divisor of 1156 and 213544.
4
Calculate the greatest common factor of 16164 and 122526.
18
What is the greatest common divisor of 16067720 and 2584?
136
What is the greatest common factor of 182769861 and 174?
87
Calculate the greatest common divisor of 128232 and 5876.
52
What is the greatest common factor of 7675 and 528275?
25
Calculate the highest common factor of 220 and 4587814.
22
Calculate the highest common factor of 33542418 and 483.
483
Calculate the greatest common factor of 1010089932 and 60.
12
Calculate the highest common factor of 174 and 9248709.
87
Calculate the highest common divisor of 2616642 and 327978.
2394
What is the highest common divisor of 6714 and 35766?
18
What is the greatest common divisor of 908942 and 2072?
74
Calculate the greatest common divisor of 20691 and 430747119.
1881
Calculate the highest common divisor of 1170485 and 5280585.
8935
Calculate the highest common factor of 26508832 and 448.
224
Calculate the greatest common divisor of 20250 and 15190.
10
What is the highest common factor of 2146176 and 1972512?
2592
Calculate the highest common divisor of 29929 and 16608.
173
Calculate the highest common divisor of 9 and 3681432.
9
Calculate the greatest common divisor of 277585 and 196.
49
What is the greatest common divisor of 31 and 2293205470?
31
Calculate the highest common divisor of 324 and 10784484.
36
What is the highest common factor of 1763102 and 110?
22
What is the greatest common divisor of 3003 and 6615?
21
Calculate the greatest common factor of 158115 and 882015.
1905
Calculate the greatest common divisor of 8368 and 6191797.
523
What is the greatest common divisor of 51353032 and 12?
4
Calculate the greatest common factor of 143044758 and 9786.
1398
What is the greatest common divisor of 44595681 and 354?
177
What is the highest common factor of 19199749 and 15691?
1207
Calculate the highest common divisor of 47028245 and 55.
55
What is the greatest common factor of 8555154 and 142782?
318
Calculate the highest common divisor of 3285840 and 560.
80
Calculate the highest common divisor of 29117914 and 6.
2
Calculate the highest common factor of 45 and 3549305.
5
Calculate the greatest common factor of 1072 and 2209856.
16
Calculate the greatest common factor of 315429271 and 17.
17
What is the greatest common divisor of 11196876 and 5184?
12
Calculate the greatest common divisor of 485 and 911509.
97
What is the greatest common factor of 19665 and 319815?
1035
Calculate the greatest common divisor of 34094340 and 1260.
1260
What is the greatest common factor of 1245075 and 345?
15
What is the highest common divisor of 3479797 and 261?
29
What is the highest common factor of 18320613 and 5007?
5007
Calculate the greatest common factor of 1060 and 66460.
20
Calculate the greatest common factor of 1797493 and 2355.
157
Calculate the highest common divisor of 2727512 and 16.
8
Calculate the greatest common divisor of 4888 and 7473611.
47
What is the highest common divisor of 203038344 and 2232?
2232
Calculate the highest common divisor of 44832 and 85152.
96
Calculate the highest common factor of 867 and 363131679.
867
What is the highest common divisor of 5938640 and 229520?
1520
What is the highest common factor of 519675 and 48175?
1025
Calculate the highest common divisor of 1400 and 9162580.
140
What is the greatest c